 prime factors of o?
97
Let k = -4 - -2. List the prime factors of (5*-6)/(k + 0).
3, 5
Suppose -o = -4 - 5. Suppose 3*u - 57 = -o. What are the prime factors of u?
2
Let a = 11 - 5. Let b be 21*(1 + a/9). Suppose -3*p + 8*p - b = 0. List the prime factors of p.
7
Let j = 20 - -9. List the prime factors of j.
29
Let l be -1*(3 + -5 - -7). Let p = 18 + l. What are the prime factors of p?
13
Suppose k = -4*k + 580. List the prime factors of k.
2, 29
Suppose 5*n - 359 = v - 35, -5*v - 84 = -n. List the prime factors of n.
2
Suppose 0*u + 4*u - 4*z = 340, -3*u = -5*z - 261. What are the prime factors of u?
2, 41
Let u(c) = -5*c - 5. Let f(z) = 14*z + 14. Let q(r) = 4*f(r) + 11*u(r). Let l(t) = -1. Let i(a) = 6*l(a) + 5*q(a). List the prime factors of i(2).
3
Suppose -15 = -4*i + i. What are the prime factors of (9 + 1)*4/i?
2
Let k(w) = w**2 - w. Let r be k(1). Suppose 3*g = -r*g + 66. What are the prime factors of g?
2, 11
Let d(o) = 3 + 0*o + 2*o + 2*o. What are the prime factors of d(5)?
23
Let b(z) = 4*z**2 - 18*z - 27. Let r(v) = -2*v**2 + 9*v + 14. Let t(x) = 3*b(x) + 5*r(x). List the prime factors of t(8).
3, 5
Let n(x) = x**2 - x**3 + 7*x**2 + 0*x**2 - 3*x**2 + 4. Let w be n(5). Suppose m = w*m - 33. What are the prime factors of m?
11
Suppose 2*t = -2*t - 36. Let c(n) = -n**3 - 9*n**2 + n + 9. Let f be c(t). Suppose -3*r + 4*k - 3*k + 40 = 0, -k - 1 = f. List the prime factors of r.
13
Suppose s - 6 - 58 = 0. What are the prime factors of s?
2
Let l be (6/12)/(1/4). List the prime factors of 24 + ((-2)/l)/(-1).
5
Let v(g) = 3*g. Let w be v(-2). What are the prime factors of (-2)/w - 78/(-9)?
3
Let t(s) = s. Let i be t(-4). Let p(m) = 1. Let d(z) = 4*z + 18. Let l(r) = -d(r) + 12*p(r). List the prime factors of l(i).
2, 5
What are the prime factors of -2 - (-422 - 4) - (5 - 3)?
2, 211
Let y(q) = q**3 - 2*q**2 - 8*q + 3. Suppose -5*p - 4*c + 13 = 0, 3*p + 0 = -c + 12. List the prime factors of y(p).
2, 19
Suppose -3 = -0*l - l. Suppose -2*n = 2*o - 5 + l, 3*o - 18 = 2*n. Suppose o*p - 6 = 14. List the prime factors of p.
5
Let t(n) = 22*n**3 - 2*n**2 + 4*n - 7. List the prime factors of t(2).
13
Let k be 178/(-5) + 2/(-5). Let v(g) = -2*g**2 + 5*g. Let q be v(5). Let i = q - k. List the prime factors of i.
11
Let c(s) = s**2 - 4*s + 9. Let u be c(4). What are the prime factors of 7 - u - -1*31?
29
Let n(s) be the first derivative of 7*s**5/60 - s**4/12 + s**3/6 + 3*s**2/2 - 1. Let h(g) be the second derivative of n(g). List the prime factors of h(1).
2, 3
Let h(f) = -3*f**2 - f + 114. What are the prime factors of h(0)?
2, 3, 19
Let k = 83 + -56. What are the prime factors of k?
3
Let p(q) = -4*q + 22. What are the prime factors of p(-14)?
2, 3, 13
Let n = 2 + 0. Suppose 3*q = 4*k + 16, -5*q = n*k - 5 - 39. What are the prime factors of -10*(q/10 - 2)?
2, 3
Let p(z) be the third derivative of 0 + 3*z**2 + 2/3*z**3 - 1/24*z**4 + 0*z. List the prime factors of p(-5).
3
Let z be (1/(-3))/(1/(-6)). Let x be (1/(-1))/(z/(-10)). Suppose x*l - 26 = -6. List the prime factors of l.
2
Suppose 40 = -0*n - 4*n. Let v = n - -7. Let z = 21 + v. List the prime factors of z.
2, 3
Let n be (-4)/(-12) + 1/(-3). Let t(v) = n - 4*v + 3*v + 10. List the prime factors of t(-8).
2, 3
Let i(p) = 6*p**2 - 5*p - 10. List the prime factors of i(5).
5, 23
Let q(p) = 13*p - 74. List the prime factors of q(17).
3, 7
Let h = 10 + -5. Suppose 3*d - h = 2*d. Suppose 3*g = 4*g - d. What are the prime factors of g?
5
Let n be 2 - (-2 - -4) - 3. What are the prime factors of n/2*12/(-2)?
3
Suppose -s - 3*i = 5, -3*s + 8 = 2*i + 2. Suppose 0 = c + 3*h - 7 - s, 5*h = -c + 1. Suppose 0 = 5*k - c + 1. What are the prime factors of k?
5
Let b(c) = c**3 + 7*c**2 - 8*c - 2. Let g be b(-8). List the prime factors of 2/g - (-4)/1.
3
Let p(q) = q**2 - 2*q + 1. Suppose -21 + 1 = -5*m. What are the prime factors of p(m)?
3
Let v = 7 - -1. Let s(z) = 4 - 2 - 1 - v*z. What are the prime factors of s(-1)?
3
Let o be (-27)/6*6/(-9). What are the prime factors of ((-25)/(-4))/(o/12)?
5
Let c(f) = 2*f - 1. What are the prime factors of c(7)?
13
Let n(c) be the third derivative of c**5/60 - c**4/6 + c**3/2 - c**2. Let z be n(5). Suppose 2*o - 10 = z. List the prime factors of o.
3
Let g(o) = -19*o + 1. Suppose 0*q - 2*q = -2. Let z be g(q). What are the prime factors of (z/8)/(1/(-4))?
3
Let m(p) = p - 5. Let n be m(0). Let q(h) = -h + 1. Let i be q(n). Let w = i + -1. What are the prime factors of w?
5
Suppose u + 2*n = -4, -3*u - 2*n = -7*n - 32. Suppose -u*b + 18 = -2*o, 19 = 2*b - 0*b + o. List the prime factors of b.
7
Suppose -1 - 6 = -s. List the prime factors of s.
7
List the prime factors of 744/22 - 8/(-44).
2, 17
Let t = 17 - -2. Let p = -34 + t. Let m = p - -34. List the prime factors of m.
19
Let y be (0 - 0)*6/6. Suppose y*q + q = 13. List the prime factors of q.
13
Suppose 2*c + 118 = 2*z, -2*z + 2*c = 3*c - 112. What are the prime factors of z?
3, 19
Let i(d) = 7*d + 1. Let z(m) = -m**3 - 7*m**2 + 7*m - 5. Let n be z(-8). Let c(t) = t**3 - 2*t**2 - 4*t + 4. Let b be c(n). What are the prime factors of i(b)?
2
Let g(r) = -1 + 0*r - r + 3. Let x be g(-8). List the prime factors of 8/(-10)*(-125)/x.
2, 5
Let h be (-18)/(-10) - 10/(-50). Let c = 5 - h. What are the prime factors of c?
3
Let a be 11/3 + (-2)/3. Suppose 4*u - 23 = -a. What are the prime factors of u?
5
Let m be (-1)/((2 + -1)/(-6)). Suppose 2*r + 12 = m*r. Suppose -4*a + 37 = -q, -q = -a + r*a - 17. List the prime factors of a.
3
Let g be (-4)/(-8) - (-3)/2. Let u = 10 + g. Suppose -2*o + u = o. List the prime factors of o.
2
Suppose -d = d + 26. Let i = 14 + 5. Let f = d + i. What are the prime factors of f?
2, 3
Let k = -18 - -37. Suppose -2*c + 15 = -k. What are the prime factors of c?
17
Let a(v) = -6*v**2 + 15*v + 3. Let m(x) = 2*x**2 - 5*x - 1. Let y(h) = 3*a(h) + 8*m(h). Let s be y(4). List the prime factors of (s - -1)*(0 - 1).
2, 5
Let s = 16 + -9. Suppose 0 = -s*z + 3*z + 44. List the prime factors of z.
11
Suppose 3*t - 91 = -19. Suppose -5*v + 4*y = -t, 5*v = -0*v + 2*y + 22. Suppose 0 = -8*i + v*i + 44. List the prime factors of i.
11
Let y(u) = 6*u - 5. What are the prime factors of y(3)?
13
Let k = 152 + -85. List the prime factors of k.
67
Suppose 62 = 2*g + m, 2*g - 124 = -2*g + m. What are the prime factors of g?
31
Let r(k) = -k**3 - 16*k**2 + 9*k + 33. What are the prime factors of r(-17)?
13
Let a be (-3)/(-6)*(-1 + 279). Suppose 0*p = -5*l + p + a, 4*l - 124 = 4*p. What are the prime factors of l?
3
Let t(n) = 2*n**3 + n**2 + 4*n - 4. Let z be t(3). Let s = -33 + z. What are the prime factors of s?
2, 19
Suppose -3*y - 96 = -30. Let f = -13 - y. Suppose -3*i + 0*i + f = 0. List the prime factors of i.
3
Suppose -2*h + 6 = y - 46, 2*h + 3*y - 52 = 0. What are the prime factors of h?
2, 13
List the prime factors of (6/9)/((-3088)/1548 - -2).
3, 43
Let g(y) = 6*y**2 - 9*y - 15. List the prime factors of g(5).
2, 3, 5
Let d = -6 - -4. Let r(j) = 5*j**2 + 1. List the prime factors of r(d).
3, 7
Let s = 233 + -152. Let g be -3 - (-5)/(15/s). Let i = g + -13. What are the prime factors of i?
11
Suppose 0 = -3*j - 3*s - 78, -3*j - 134 = 2*j + 3*s. What are the prime factors of (-1240)/j - 2/7?
2, 11
Let l = -155 + 290. What are the prime factors of l?
3, 5
Let d(v) = 7*v - 2. Let c be d(5). Let a = -4 - -8. Suppose o - a*o = -c. List the prime factors of o.
11
Suppose 1 = q - 11. List the prime factors of q.
2, 3
Let j(b) = 24*b**3 + 2*b + 1. Let t be j(-1). Let y = t + 43. List the prime factors of y.
2, 3
Suppose 3*l = 15*l - 1764. What are the prime factors of l?
3, 7
Suppose -3*r + 5*r = -10, 0 = -5*q - 2*r + 10. What are the prime factors of q?
2
Suppose 354 - 73 = d. List the prime factors of d.
281
Suppose -3*l - 16 = 2*m, 4*m - 5*l = -0*l + 12. List the prime factors of (-126)/(-12) + (-1)/m.
11
Suppose -44*v - 102 = -47*v. List the prime factors of v.
2, 17
Let l(h) be the third derivative of -h**7/2520 + h**6/720 + h**5/20 - 3*h**2. Let w(a) be the third derivative of l(a). What are the prime factors of w(-2)?
5
Let f = -215 + 349. List the prime factors of f.
2, 67
Suppose -2*r = -r + 1. List the prime factors of 2 - 2*(r - 1).
2, 3
Suppose -2*n + 135 = 29. What are the prime factors of 